{"id":5232,"date":"2021-01-25T18:51:28","date_gmt":"2021-01-25T18:51:28","guid":{"rendered":"https:\/\/kaumahome.com\/?post_type=product&#038;p=5232"},"modified":"2021-02-15T23:47:20","modified_gmt":"2021-02-15T23:47:20","slug":"recibidor-en-blanco-y-madera-fast","status":"publish","type":"product","link":"https:\/\/kaumahome.com\/index.php\/producto\/recibidor-en-blanco-y-madera-fast\/","title":{"rendered":"Recibidor en blanco y madera Fast"},"content":{"rendered":"<p>Mueble de recibidor para la entrada de la vivienda, especialmente si tenemos un hogar de peque\u00f1as dimensiones. El mueble de recibidor de estilo industrial es perfecto para crear una decoraci\u00f3n moderna y atractiva. Su estructura met\u00e1lica es visualmente ligera al mismo tiempo que es muy resistente y tiene un acabado de hierro en acabado blanco, lo que ayuda a aportar luminosidad a la estancia. El sobre de madera de roble est\u00e1 acabado con barniz al agua, sin disolventes, y es ideal para aportar un toque c\u00e1lido a la entrada o a cualquier otro rinc\u00f3n de nuestro hogar, dado que es un mueble auxiliar que puede ir instalado tanto en la entrada como en el sal\u00f3n, el despacho o incluso en el dormitorio. El mueble incorpora unos reguladores para que quede perfectamente asentado en su sitio.<br \/>\nEste modelo de mueble de recibidor est\u00e1 disponible en varias medidas de anchura. Si las medidas o el color no encajan con tu hogar, recuerda que en el apartado A medida te lo podemos adaptar 100 % a tus necesidades.<\/p>\n<h2><em>\u201cMueble para recibidor con sobre de madera de roble y patas de hierro en acabado blanco ideal para hogares actuales\u201d<\/em><\/h2>\n","protected":false},"excerpt":{"rendered":"<p>Mueble de recibidor con estructura de metal en acabado blanco y sobre de madera de roble con barniz al agua. Reguladores incluidos.<\/p>\n","protected":false},"featured_media":5261,"comment_status":"open","ping_status":"closed","template":"","meta":[],"_links":{"self":[{"href":"https:\/\/kaumahome.com\/index.php\/wp-json\/wp\/v2\/product\/5232"}],"collection":[{"href":"https:\/\/kaumahome.com\/index.php\/wp-json\/wp\/v2\/product"}],"about":[{"href":"https:\/\/kaumahome.com\/index.php\/wp-json\/wp\/v2\/types\/product"}],"replies":[{"embeddable":true,"href":"https:\/\/kaumahome.com\/index.php\/wp-json\/wp\/v2\/comments?post=5232"}],"version-history":[{"count":4,"href":"https:\/\/kaumahome.com\/index.php\/wp-json\/wp\/v2\/product\/5232\/revisions"}],"predecessor-version":[{"id":5241,"href":"https:\/\/kaumahome.com\/index.php\/wp-json\/wp\/v2\/product\/5232\/revisions\/5241"}],"wp:featuredmedia":[{"embeddable":true,"href":"https:\/\/kaumahome.com\/index.php\/wp-json\/wp\/v2\/media\/5261"}],"wp:attachment":[{"href":"https:\/\/kaumahome.com\/index.php\/wp-json\/wp\/v2\/media?parent=5232"}],"curies":[{"name":"wp","href":"https:\/\/api.w.org\/{rel}","templated":true}]}}