{"id":4998,"date":"2020-11-21T11:11:55","date_gmt":"2020-11-21T11:11:55","guid":{"rendered":"https:\/\/kaumahome.com\/?post_type=product&#038;p=4998"},"modified":"2021-01-08T15:59:15","modified_gmt":"2021-01-08T15:59:15","slug":"recibidor-de-hierro-y-madera-fast","status":"publish","type":"product","link":"https:\/\/kaumahome.com\/index.php\/producto\/recibidor-de-hierro-y-madera-fast\/","title":{"rendered":"Recibidor de hierro y madera Fast"},"content":{"rendered":"<p>Mueble recibidor para colocar en la entrada de la vivienda, especialmente si esta es de peque\u00f1as dimensiones. Con un dise\u00f1o de estilo industrial, este mueble para recibidor es perfecto para crear una decoraci\u00f3n actual. Su estructura met\u00e1lica es visualmente ligera al mismo tiempo que es muy resistente y tiene un acabado de hierro natural con soldaduras vistas y con un barniz incoloro. El sobre de madera de roble est\u00e1 acabado con barniz al agua, sin disolventes, y es ideal para aportar un toque c\u00e1lido a la entrada o a cualquier otro rinc\u00f3n de nuestro hogar. El recibidor incorpora unos reguladores para que quede perfectamente asentado en su sitio.<br \/>\nEste modelo de recibidor est\u00e1 disponible en varias medidas de recibidor. Si las medidas o el color no encajan con tu hogar, recuerda que en el apartado A medida te lo podemos adaptar 100 % a tus necesidades.<\/p>\n<h2><em>\u201cMueble de recibidor con sobre de madera y patas de hierro ideal para hogares actuales\u201d<\/em><\/h2>\n","protected":false},"excerpt":{"rendered":"<p>Mueble de recibidor con estructura de metal en acabado crudo, protegido con una capa de barniz incoloro, y sobre de madera de roble con barniz al agua. Reguladores incluidos.<\/p>\n","protected":false},"featured_media":5081,"comment_status":"open","ping_status":"closed","template":"","meta":[],"_links":{"self":[{"href":"https:\/\/kaumahome.com\/index.php\/wp-json\/wp\/v2\/product\/4998"}],"collection":[{"href":"https:\/\/kaumahome.com\/index.php\/wp-json\/wp\/v2\/product"}],"about":[{"href":"https:\/\/kaumahome.com\/index.php\/wp-json\/wp\/v2\/types\/product"}],"replies":[{"embeddable":true,"href":"https:\/\/kaumahome.com\/index.php\/wp-json\/wp\/v2\/comments?post=4998"}],"version-history":[{"count":5,"href":"https:\/\/kaumahome.com\/index.php\/wp-json\/wp\/v2\/product\/4998\/revisions"}],"predecessor-version":[{"id":5077,"href":"https:\/\/kaumahome.com\/index.php\/wp-json\/wp\/v2\/product\/4998\/revisions\/5077"}],"wp:featuredmedia":[{"embeddable":true,"href":"https:\/\/kaumahome.com\/index.php\/wp-json\/wp\/v2\/media\/5081"}],"wp:attachment":[{"href":"https:\/\/kaumahome.com\/index.php\/wp-json\/wp\/v2\/media?parent=4998"}],"curies":[{"name":"wp","href":"https:\/\/api.w.org\/{rel}","templated":true}]}}